4*p = -4*t + 708. List the prime factors of t.
2, 11
Let i(g) = 4536*g - 89. What are the prime factors of i(8)?
53, 683
Let y(c) = -c**3 + 9*c**2 - c + 21. Let z be y(9). Let a be (123/6)/((-3)/z). Let o = 151 + a. What are the prime factors of o?
3, 23
Let o(a) = 224*a**2 + 249*a - 2710. What are the prime factors of o(11)?
43, 631
Let r = 1917 + -785. Let b = 1887 - r. What are the prime factors of b?
5, 151
List the prime factors of 283*(-6)/3*4005/(-30).
3, 89, 283
Let b = -362 - -364. List the prime factors of (-4)/(16/(-674)) + b/4.
13
Let a be ((-66)/33)/(1/4). List the prime factors of 10/a + 8826/8.
2, 19, 29
Suppose -3*t = -7*t - q + 30733, t + 5*q - 7669 = 0. List the prime factors of t.
2, 17, 113
Suppose -48 = -4*s + 4*t, -2*t - 40 = -4*s - 0. Suppose -4*z = -2*u - 136, 0*u - s = -4*u. List the prime factors of z.
5, 7
Let p(u) be the second derivative of 7*u**4/12 + 5*u**3/3 + 38*u**2 + 5*u + 3. List the prime factors of p(-8).
2, 3, 37
Let n(t) = 53*t - 23*t + 43*t - 84 + 27*t. What are the prime factors of n(5)?
2, 13
Let r(a) = -541*a + 704. What are the prime factors of r(-56)?
2, 5, 31
Let g be ((-6)/(-33) - (-8)/(-44))/1. Suppose -2*l + 1502 = 5*r, g*l - 3*l + 2*r + 2215 = 0. What are the prime factors of l?
3, 13, 19
Suppose 0 = 3*p + 10 - 37. Suppose 4*w + 2*m + 6 = 0, 3*m = w - 0*m - p. Suppose 4*o - 5*n - 36 = w, -5*o - n = -39 - 35. List the prime factors of o.
2, 7
Suppose 11*d + 4*d = 3*d. Suppose 799 = 5*x - o - 1140, d = -3*x - o + 1157. What are the prime factors of x?
3, 43
Let v be 130/(-11) - ((-4)/(-22) - 0). Let n be ((-34)/51 + (-770)/v)*2. Let w = n - 61. List the prime factors of w.
2, 3, 11
Let j = 2894 - -23771. List the prime factors of j.
5, 5333
Let n = -422 + 425. What are the prime factors of 3245/n + (-15)/9?
2, 3, 5
Suppose 2*b - 5*b - 4*t = -42384, 0 = 5*b - 3*t - 70640. What are the prime factors of b?
2, 883
Let l(u) = -u**3 + 23*u**2 + 2*u - 1. Let c(k) = -k**2. Let m(p) = 7*p**2 - 3*p - 5. Let h(f) = 6*c(f) + m(f). Let g be h(7). List the prime factors of l(g).
3, 5
Suppose 4*y = 4*p - 108, 0 = -5*y + p - 112 - 11. List the prime factors of (-6046)/(-12) - ((-100)/y)/(-25).
2, 3, 7
Suppose 20*m + 50 = 130. Suppose 346 = s - 2*d, -4*s + d + 78 = -1334. Suppose -4*x = -2*n + s, m*x - x + 182 = n. List the prime factors of n.
167
Suppose -i - 203*n + 205*n = -619, -4*n - 3077 = -5*i. List the prime factors of i.
613
Let o(k) = -66*k**2 + 4*k - 2. Let m be o(2). Let z = 682 + m. Suppose z = 5*l - i - 245, 4*l - i - 536 = 0. List the prime factors of l.
7, 19
Let v(r) = 175*r + 192 - 54 - 103. What are the prime factors of v(2)?
5, 7, 11
Let g(a) = a**3 + 7*a**2 - 2*a - 3. Let w be (5 - 6)*4 - -74. Let j = w + -73. List the prime factors of g(j).
3, 13
Let s be 3/(-2)*5068/(-42). Let o = s - 171. List the prime factors of o.
2, 5
Suppose l - 693291 = -146*l + 812871. What are the prime factors of l?
2, 47, 109
Let r(w) = -14*w**3 + 12*w**2 + 182*w - 52. What are the prime factors of r(-8)?
2, 1607
Suppose 13*b + 11 = 2*l + 8*b, 2*l - b = -1. What are the prime factors of 4 + (548/(-3))/(l/12)?
2, 5, 11
Suppose -5*g + 22 = -3*p, -9*p - 26 = -3*g - 4*p. Suppose -551 = -x + g*r - 227, 5*r + 1305 = 4*x. List the prime factors of x.
2, 3, 5, 11
Suppose 1294 + 9775 = n. What are the prime factors of n?
11069
Let p(n) = -n**3 - n - 1. Let j(i) = -5*i**3 - i**2 - 4*i - 1. Let l(w) = -j(w) + 3*p(w). Let y be l(1). List the prime factors of (-316)/(-1*y) - (-60)/20.
7, 23
Suppose 10*j + 33 - 103 = 0. List the prime factors of (4 - -1249)/j + 2/2.
2, 3, 5
Let t(z) = 7*z - 3*z + 16 + 8 - 8. Let v be t(5). Suppose -s = -n + 3*s + v, -2*n = -3*s - 52. What are the prime factors of n?
2, 5
Let i = -592 + 4976. Suppose i = 28*n - 23*n + 4*c, -3*n - c = -2636. What are the prime factors of n?
2, 5, 11
Let l be (1000 - -4) + 3 - -5. Let t = -637 + l. Suppose -a = -5*x + 1015, -1001 = -3*x + 4*a - t. What are the prime factors of x?
2, 101
Let f be (-115)/(-1*6/12). Let c = f + -221. List the prime factors of c.
3
Let c = 301 - 170. Let p = c - 13. Suppose a = -a + p. What are the prime factors of a?
59
List the prime factors of 429/(-3432) + (-1)/((-8)/34513).
2, 3, 719
Suppose -2*q + 136 = 5*j, 0*q - 107 = -4*j - q. Let w = 150 - j. List the prime factors of w.
2, 31
Let a = -14908 - -15185. Let s = -447 + 835. Let u = s - a. List the prime factors of u.
3, 37
Let s be 1/(-9) - (-268)/(-18). What are the prime factors of (-5*s/(-20))/((-2)/112)?
2, 3, 5, 7
Suppose -16*n + 43741 = -116298 - 139065. List the prime factors of n.
2, 13, 719
Suppose -5*h - z + 212920 = 4*z, 0 = 4*h - z - 170326. List the prime factors of h.
2, 3, 47, 151
Let r(m) = m**3 + 7*m**2 - 7*m + 2. Let k be r(-8). Let w be (8/k)/((-4)/12). Suppose 0*v = w*v - 84. What are the prime factors of v?
3, 7
Suppose 4*h = -53*g + 57*g + 112800, -2*h - g + 56421 = 0. List the prime factors of h.
67, 421
Suppose -657*w + 683*w = 29406. List the prime factors of w.
3, 13, 29
Let t be (-8 - 0)*(-10)/4. Suppose 16*h - 234 = -17*h - 45*h. Suppose h*q - 695 + t = 0. What are the prime factors of q?
3, 5
Let z(l) be the first derivative of 6 - 3/2*l**2 - 5*l + 28/3*l**3. What are the prime factors of z(-2)?
113
Let n = 5499 + 7957. What are the prime factors of n?
2, 29
List the prime factors of (17 + 35329)*1/3.
2, 43, 137
Suppose 138*m - 41232 = -p + 133*m, 0 = -p + 2*m + 41288. List the prime factors of p.
2, 7, 11, 67
Let t = -45691 + 106845. What are the prime factors of t?
2, 30577
List the prime factors of 2 + 13190/14 + 1200/(-1050).
23, 41
Let r(w) be the second derivative of w**4/4 - 8*w**3/3 + 6*w**2 - 92*w. What are the prime factors of r(8)?
2, 19
Let j be -5*-179*12/30. Let w = j - 255. List the prime factors of w.
103
Let x = 15057 - -14291. What are the prime factors of x?
2, 11, 23, 29
Let s = -42 - -45. Suppose s*c + 725 = -5*j, -4*c - 9*j = -4*j + 960. Let q = -56 - c. List the prime factors of q.
179
Let g(r) = 2*r**2 - r - 11. Let s(z) = -z**2 + z + 11. Let y(h) = 5*g(h) + 6*s(h). Let o(n) = n**2 + 10*n - 6. Let i be o(-11). List the prime factors of y(i).
2, 29
Let k = 51505 - 10044. What are the prime factors of k?
7, 5923
Let c be -2*(-1 + -78)/(23 - 22). Let k = 488 - c. List the prime factors of k.
2, 3, 5, 11
Suppose -43580 = -49*x + 29*x. What are the prime factors of x?
2179
Let j(t) = -17*t**3 + 21*t**2 - 2*t - 83. List the prime factors of j(-8).
3, 1109
Suppose 266*b - 403*b = -7102354. What are the prime factors of b?
2, 7, 23
Let c be 2 + 4*(75/12 - 5). Suppose -c*d = -19*d + 11640. What are the prime factors of d?
2, 5, 97
What are the prime factors of ((-222)/370)/(6/(-20))*3554?
2, 1777
Suppose 4*h = 4*y - 203464, y + 5521 = 3*h + 56373. What are the prime factors of y?
50873
Let d(v) = 5*v**2 - 4*v**2 + 8 + 7 + 20*v**3 - 3*v - 13. What are the prime factors of d(2)?
2, 5
Let g(c) = 28*c + 39. Let r(v) = -156*v - 195. Let p(q) = 31*q + 39. Let w(f) = 21*p(f) + 4*r(f). Let l(k) = 4*g(k) - 5*w(k). List the prime factors of l(-8).
5, 29
What are the prime factors of 3 - ((-6608)/48)/(3/315)?
2, 7229
Let x = -3339 - -13398. List the prime factors of x.
3, 7, 479
Let o(s) = -7*s + 21 - 11 + 22*s. Let u be o(6). Suppose -2*r - 3*y + 203 = 0, -r - 3*y + u = -2*y. What are the prime factors of r?
97
Let l(g) be the first derivative of -g - 119 + 51 + g**2 + 59. What are the prime factors of l(21)?
41
Suppose -376*q + 9152965 = -1658915. List the prime factors of q.
3, 5, 71
Let t = 43 + -41. Suppose -2*z - 3*r = t*z - 24, 5*z = 2*r + 7. Suppose 2*u = -5*b + 214, -z*b + 202 = 2*b - 4*u. List the prime factors of b.
2, 3, 7
Suppose -9*s = -4 - 32. Suppose -s*t = -0*t. Suppose t = k - 153 + 38. List the prime factors of k.
5, 23
Suppose 4*t = i - 1026, -26*t - 2082 = -2*i - 23*t. What are the prime factors of i?
2, 3, 5, 7
Let s(f) = -3*f**2 + 10*f - 1. Let l be s(3). Let i be 90/20 - (-1)/l. Suppose -u - i*h + 76 = 0, -380 = 4*u - 9*u - 4*h. What are the prime factors of u?
2, 19
Let t(k) = k + 35. Let z be 5/15 - 52/3. Let p be t(z). Suppose -19*h + p*h = -80. List the prime factors of h.
2, 5
Let w(b) = -12 - 165*b + 12*b**2 + 333*b + b**3 - 169*b. What are the prime factors of w(-8)?
2, 3, 7
Let n be (-150)/(-14) - (-2 + 24/